100. Calculate the highest common divisor of k and z.
5
Let n = -96 + 194. Let x be 5*(-1)/(-2)*4/5. Suppose -x*o + 609 - 581 = 0. Calculate the highest common divisor of n and o.
14
Suppose 221*f - 4069540 - 4022375 = 0. What is the highest common divisor of 15 and f?
15
Let p(x) be the first derivative of x**4/4 + 8*x**3/3 + 4*x**2 + 9*x - 72. Let b = 2 + -9. Let z be p(b). Calculate the greatest common divisor of z and 2.
2
Let w = 101 - 99. Suppose 3*c - w*c = 336. Calculate the greatest common divisor of 7 and c.
7
Suppose 12*n = 8*n + 48. Let v = -11 + 39. Let z be (-12)/v - (-3795)/35. What is the highest common divisor of n and z?
12
Let i(p) = -p**2 + 17*p + 101. Let k be i(16). What is the greatest common factor of 494 and k?
13
Let d be (-4)/(-6) - ((-986)/6 - -25). Let s(k) = k**2 - 8*k + 11. Let y be s(9). Calculate the highest common factor of y and d.
20
Let y(m) = -m**2 + 32*m - 82. Let c(a) = a**2 - 32*a + 82. Let u(x) = -3*c(x) - 2*y(x). Let o be u(28). Calculate the greatest common divisor of 4 and o.
2
Let l = 1832 - 1797. Calculate the highest common factor of l and 7.
7
Let m(p) = 2*p + 12. Suppose 5*u + 5 - 15 = 0. Let t be m(u). Calculate the highest common factor of t and 144.
16
Let x = 1 - 1. Let o(i) = -i**2 + 14*i - 42. Let a be o(5). Suppose a*n - 6*n + 147 = x. What is the highest common divisor of n and 7?
7
Suppose 36*a - 2547 - 5733 = 0. Calculate the greatest common factor of 85 and a.
5
Let v(z) = -z**3 + z**2. Let o be v(1). Let n(f) = -f**2 - f - 226. Let s be n(o). Let b = s - -577. Calculate the greatest common factor of 27 and b.
27
Let v(q) = q**3 - 13*q**2 + 11*q + 32. Let z be v(12). Suppose -z*t + 81 = -79. Calculate the greatest common factor of 16 and t.
8
Suppose -3248 = 355*p - 17803. Calculate the highest common factor of 19762 and p.
41
Let i = 35 - 35. Suppose 95 = 4*t + g + 4*g, i = 3*t - 4*g - 110. Let h = 123 - 48. What is the greatest common divisor of h and t?
15
Let o(r) = r**3 + 18*r**2 + 8*r + 9. Let u be o(-13). Let s(v) = -7*v + 16. Let p be s(-2). What is the highest common divisor of u and p?
30
Suppose 97*q = 19983 + 32300. What is the greatest common factor of 2597 and q?
49
Let l = -597 - -892. Let d = 299 - l. What is the greatest common divisor of 288 and d?
4
Let q be 40/6*((-15246)/(-70))/11. Calculate the highest common divisor of q and 7788.
132
Let j be 9/(-351)*-3 - (-3222)/26. Suppose -186 = -3*r + 3*d, -4*r + 263 = -3*d + 15. What is the greatest common factor of r and j?
62
Let p be 994/18 + (-4)/18. Let t = -773 - -802. Suppose -g + t = -p. What is the highest common factor of 12 and g?
12
Suppose -97812 = -44*n + 58036. Suppose n = 84*v - 70*v. Calculate the highest common divisor of 33 and v.
11
Let h(c) = 8*c - 38. Let y be h(11). Let p = y - 38. Let f = -9 + p. Calculate the greatest common factor of f and 9.
3
Let u(o) = 2*o**3 + 10*o**2 + o + 19. Let q be u(-8). Let z = -221 - q. Let l = -141 + z. Calculate the greatest common factor of 11 and l.
11
Suppose -20*a = -86*a + 27522. Let t = -395 + a. Calculate the highest common divisor of t and 121.
11
Let r(j) = -j + 385. Let h be r(0). Suppose 4*k - 10 + 82 = 0. Let z = 73 + k. What is the highest common factor of h and z?
55
Let g be 141304/187 + (-8)/(-22). What is the greatest common factor of g and 7?
7
Let c = -11720 + 11750. Calculate the highest common divisor of 582 and c.
6
Suppose 47*x - 44*x + 2733 = 2*o, 2*x + 4112 = 3*o. What is the greatest common factor of 12 and o?
6
Suppose 19*l = 5*l + 168. Let f(m) = m**2 - 19*m + 157. Let q be f(l). Calculate the greatest common divisor of q and 292.
73
Let y = 9153 + -2567. Calculate the greatest common factor of 74 and y.
74
Let h be ((-3)/9)/((-99)/167805). Calculate the highest common factor of 904 and h.
113
Suppose 4*z + 9 = 6*z - j, 4*z - 17 = j. Let b(u) = -8*u + 4*u + u - z. Let f be b(-4). Calculate the highest common factor of f and 4.
4
Suppose -4*c = 5*t - 140, -2*c + 28 = t + 2*c. Suppose x + 57 = 2*d, 0 = -2*d + 6*d - 3*x - 115. What is the highest common divisor of d and t?
28
Let x be ((-24)/20)/(-5 - (-115)/25). Suppose -21 - 21 = -x*a. Calculate the highest common factor of 518 and a.
14
Let a = 2506 + -2385. Let s(p) = -p**3 - 12*p**2 - 3*p - 3. Let z be s(-12). What is the highest common divisor of a and z?
11
Let l be (-885240)/(-220) - 10/(-55). Calculate the highest common divisor of l and 8.
8
Let x be 44/(-22)*(-1 - -3) + (2 - -272). Calculate the highest common factor of x and 750.
30
Let o(n) = n + 26. Let p(c) = -2*c + 17. Let l be p(6). Suppose 6*r = -31 - l. Let q be o(r). What is the highest common factor of 10 and q?
10
Let z be (-4)/(-10) - (4 + 8178/(-30)). Let s = -161 + z. Calculate the highest common divisor of 4 and s.
4
Let c = -567 - 41. Let o = -563 - c. Suppose -3*y + 30 = -y. What is the highest common factor of o and y?
15
Let h(r) be the second derivative of r**4/12 + 3*r**3/2 + 26*r**2 + 41*r. Let a be h(-6). What is the greatest common factor of 102 and a?
34
Let h(q) = -7*q + 55. Let g be h(27). Let j = 139 + g. What is the highest common divisor of 4 and j?
1
Suppose 150088 = 140*x - 136791 - 30641. What is the greatest common divisor of 96 and x?
12
Let x(y) = -y**2 + 10*y. Let k be ((-207)/(-63) + 4/(-14))*2. Let d be x(k). Calculate the greatest common divisor of 108 and d.
12
Let l be (-44)/(-3)*3/2. Suppose 145*a - 28314 = 28*a. What is the greatest common divisor of l and a?
22
Let b(t) = t**2 + 5*t - 6. Let l be b(-11). Let h = -52 + l. Calculate the greatest common divisor of 128 and h.
8
Let d = -9 - -9. Let t(y) = y + 30. Let x be t(d). Let b = 353 + -341. What is the greatest common divisor of x and b?
6
Suppose 15*y = 19 + 41. Suppose -7*g + 4*g = 3*n - 78, -n = -y*g - 16. Suppose -n*u + 11 = -23*u. Calculate the highest common divisor of 99 and u.
11
Suppose 37 = -u + 3*c, 0 = -2*u - 0*u - 4*c - 34. Let h = -9 - u. Suppose -5*g = -8*g + 96. What is the highest common divisor of h and g?
16
Suppose 26*d - 7525 = 12755. Suppose 3*g + 27*o - 26*o - 460 = 0, -5*g + o = -d. What is the highest common factor of 31 and g?
31
Suppose 5*h = 4*x + 982, -2*h + 596 = h + x. Let f be 1/2 - h/44. Let p be (-19)/(189/48 + f). What is the highest common factor of p and 38?
38
Let h = -11952 - -13891. Calculate the highest common divisor of 77 and h.
7
Let y = -15826 + 22762. What is the highest common divisor of y and 24?
24
Suppose -8 - 16 = 4*c. Let o be ((-21)/6)/(3/c). Let j be 61 + 27 + -12 + -6*1. What is the highest common divisor of o and j?
7
Let z be 2 + (-80)/42 - (-13596)/126. What is the highest common factor of z and 228?
12
Suppose 1754 = z - 5*b, -859*z - b = -856*z - 5182. What is the greatest common divisor of 3211 and z?
247
Suppose 0 = -31529*j + 31580*j - 277236. What is the greatest common factor of 72 and j?
36
Let m be (-722)/(-4) - (1 - (-12)/8). Calculate the greatest common factor of m and 1157.
89
Let v(a) = -a + 2. Let i be v(2). Suppose i = -z - c + 225, 3*z - c - 47 = 628. Suppose 4*l = 9*l - z. Calculate the highest common divisor of l and 15.
15
Suppose 3*w + 2*a - 4425 + 558 = 0, 6 = 2*a. Suppose 204*x + 594 = 210*x. What is the greatest common factor of x and w?
99
Let g = 70 - 184. Let r = 46 - g. Let z be 7/((-7)/(-30))*r/30. What is the greatest common factor of z and 32?
32
Let g be 5*(-130)/(-250) + 40/(-25). Suppose -2*b + 37 = -r, 3*b = 6*r - 2*r + 68. What is the greatest common divisor of b and g?
1
Let t = -5623 + 5786. What is the highest common factor of t and 16789?
163
Suppose 3*m - 3 = -4*o - 1, -m - 5*o - 3 = 0. Suppose 0 = 19*h + 62 - 252. What is the highest common factor of m and h?
2
Suppose 4*t - 4*j - 72 = 0, -3*t + 60 = 5*j + 46. Calculate the highest common factor of t and 8333.
13
Let j be (4756/145)/(6/540). Calculate the greatest common factor of 16 and j.
8
Suppose 0 = -3*m + 8 + 7. Suppose -i - 2*t - 22 = 0, t = -2*i - t - 52. Let r = i + 65. What is the highest common factor of r and m?
5
Suppose -3*k - 4*r - 3 = -5, 0 = k + 2*r - 2. Let n be (-95)/(-80)*4 - k/8. Suppose 0 = n*d - 185 - 25. What is the highest common divisor of d and 6?
6
Suppose 0 = 3*h + 4*a + 1, 19*h - 21*h + 4 = 2*a. What is the greatest common factor of h and 22203?
9
Le